 what is -443454 + 2?
-443452
In base 16, what is -215f + -84?
-21e3
In base 15, what is 2abe + -9?
2ab5
In base 11, what is -2 - 426407?
-426409
In base 6, what is 15 - 30233?
-30214
In base 16, what is 0 + -19b79?
-19b79
In base 15, what is 3 - -40256?
40259
In base 13, what is 1638 - 4?
1634
In base 6, what is 235455 - 351?
235104
In base 11, what is 28647 - 6?
28641
In base 11, what is -11847 - -5?
-11842
In base 11, what is 2 - 172?
-170
In base 7, what is -20 + -106415?
-106435
In base 16, what is 2 + 779e?
77a0
In base 7, what is 0 + 13320?
13320
In base 7, what is 1233611 + 4?
1233615
In base 11, what is 4 - -1646a?
16473
In base 16, what is -38 - 2838?
-2870
In base 3, what is 12 + -101001221?
-101001202
In base 3, what is 1011 - 1210?
-122
In base 9, what is 153077 - -28?
153116
In base 4, what is 11 + -23130103?
-23130032
In base 2, what is 10111110011 - -101?
10111111000
In base 9, what is -158654 + 2?
-158652
In base 9, what is -3158 - 1872?
-5141
In base 13, what is -2 + 1440?
143b
In base 10, what is 1 - -482707?
482708
In base 15, what is -1c - 332?
-34e
In base 11, what is 137 - -445?
581
In base 14, what is a + 2b0c8?
2b0d4
In base 7, what is 0 - -6506646?
6506646
In base 13, what is -37c + 4?
-378
In base 11, what is 844 + -147?
6a8
In base 16, what is -2dda2 + -4?
-2dda6
In base 16, what is 2576a + 4?
2576e
In base 9, what is -88411 + -7?
-88418
In base 4, what is -211020320 + 0?
-211020320
In base 15, what is c808 + 1?
c809
In base 16, what is -2a + 1dfe?
1dd4
In base 4, what is -21213110 - -20?
-21213030
In base 5, what is 33201 + -134?
33012
In base 4, what is 1031 - 23202?
-22111
In base 11, what is 5 + -10724?
-1071a
In base 16, what is 1 + 1415d?
1415e
In base 4, what is 202323 - -3000?
211323
In base 6, what is -444 + 454?
10
In base 11, what is 3781 + 952?
4623
In base 13, what is 2 + -859?
-857
In base 12, what is 397 - 288?
10b
In base 8, what is -4 - 7501?
-7505
In base 9, what is 203723 + 0?
203723
In base 12, what is -248 + -b?
-257
In base 14, what is 2db + -23?
2b8
In base 9, what is -2 + -215212?
-215214
In base 11, what is -447 + 632?
196
In base 14, what is 32 - 4?
2c
In base 3, what is -100201210 + -112?
-100202022
In base 10, what is 202 - 811?
-609
In base 9, what is 1665 + 87?
1763
In base 14, what is 50273b + 1?
50273c
In base 4, what is 103 - -23330032?
23330201
In base 3, what is -100021202 - -100001?
-22221201
In base 7, what is -301 + -2044?
-2345
In base 2, what is 101 - -1010011100110101?
1010011100111010
In base 10, what is -11975 - 0?
-11975
In base 3, what is 220022001212 + 10?
220022001222
In base 16, what is 9 - -468?
471
In base 3, what is -212111100021 + -12?
-212111100110
In base 4, what is -12232 - -103231?
30333
In base 11, what is -793 + -138?
-920
In base 16, what is -8 - -295cc?
295c4
In base 14, what is d2 + -59?
77
In base 15, what is -1481 + -5?
-1486
In base 16, what is 2c7a + -4?
2c76
In base 8, what is -16 + -55375?
-55413
In base 16, what is 31ee - 88?
3166
In base 2, what is 110111011010111 - -1?
110111011011000
In base 10, what is 58860 + 3?
58863
In base 14, what is 2 - -42da?
42dc
In base 14, what is -8 + -90b0?
-90b8
In base 6, what is -3242 - 13350?
-21032
In base 13, what is -4 - -7a40?
7a39
In base 3, what is 100 - -111120112210?
111120120010
In base 3, what is -2202 + -110212012?
-110221221
In base 4, what is -30200020 - 11?
-30200031
In base 7, what is 20443 + 130?
20603
In base 15, what is 2 - 1c7a6?
-1c7a4
In base 4, what is -112111 - -1?
-112110
In base 12, what is 3 - -281262?
281265
In base 11, what is 5 - -29747?
29751
In base 3, what is -2211 + 111100?
101112
In base 14, what is 5 - -1477?
147c
In base 16, what is 70 + -c00?
-b90
In base 16, what is -1 + 162ac?
162ab
In base 13, what is -1a43 + -2?
-1a45
In base 7, what is -13244 + -30?
-13304
In base 2, what is -100101101011010100 + -1?
-100101101011010101
In base 8, what is -501041 + -2?
-501043
In base 6, what is 32410 + 141?
32551
In base 11, what is 478 + -38a?
99
In base 15, what is b242 - 3?
b23e
In base 16, what is -57 + -12?
-69
In base 10, what is 196 - -1270?
1466
In base 11, what is -1 - -106145?
106144
In base 15, what is -ae - 5c0?
-67e
In base 5, what is 11322241 - -33?
11322324
In base 3, what is 121202000002 - -12?
121202000021
In base 14, what is 1337 - 99?
127c
In base 6, what is 21 - 54204?
-54143
In base 9, what is 37 - -20155?
20203
In base 6, what is -1 + 141332?
141331
In base 7, what is -4310 + 41?
-4236
In base 14, what is 4 - 1268?
-1264
In base 12, what is 1 - -12816?
12817
In base 8, what is 405277 - 1?
405276
In base 14, what is -caba + 16?
-caa4
In base 3, what is 1 - -1201200?
1201201
In base 4, what is -101022 + 22203?
-12213
In base 5, what is -403413031 - 4?
-403413040
In base 7, what is -65 - -125431?
125333
In base 8, what is -6012 + -43?
-6055
In base 8, what is 15753 - 16?
15735
In base 12, what is -3 + 3b52?
3b4b
In base 4, what is -200232 + 2323?
-131303
In base 6, what is -1114 - 53433?
-54551
In base 8, what is -43213 + -1?
-43214
In base 11, what is 3 - -3aa3?
3aa6
In base 14, what is -b60 + 11?
-b4d
In base 4, what is -12301110 - 20?
-12301130
In base 15, what is -d51 + -3?
-d54
In base 14, what is a9b - 203?
898
In base 14, what is 53 - 8768?
-8715
In base 6, what is 43 + 22124?
22211
In base 16, what is 2 - c9?
-c7
In base 9, what is 1 + -361443?
-361442
In base 5, what is 4 - -1042422?
1042431
In base 3, what is -12101 - 1022?
-20200
In base 3, what is -10110120 - 21100?
-10201220
In base 9, what is -77725 + 32?
-77683
In base 12, what is 612 - -11?
623
In base 13, what is 287c + -4a?
2832
In base 14, what is -171 + 28?
-147
In base 2, what is -11111100 + 100011101001?
11111101101
In base 2, what is 1100011 - -110001110?
111110001
In base 5, what is -2 - -1400103?
1400101
In base 5, what is 3332 + -312?
3020
In base 10, what is -325868 + -4?
-325872
In base 3, what is 21 - 10120100?
-10120002
In base 10, what is 43752 - 2?
43750
In base 2, what is 11101001111 + -11011000101?
10001010
In base 16, what is 2fa - -269?
563
In base 11, what is 3462825 + -5?
3462820
In base 7, what is 1222 + -4525?
-3303
In base 5, what is 2 + 33132442?
33132444
In base 4, what is -101222 + 10212?
-31010
In base 14, what is 11 + -10d5d?
-10d4c
In base 6, what is -3 - -4425?
4422
In base 8, what is -4127324 - -3?
-4127321
In base 16, what is -1385 - -6?
-137f
In base 13, what is -35507 + 2?
-35505
In base 2, what is 11 - 1100001101000011?
-1100001101000000
In base 8, what is 73 - -107756?
110051
In base 3, what is -2 + -1120002222002?
-1120002222011
In base 16, what is -4ef3 + -16?
-4f09
In base 15, what is -21 + 119e?
117d
In base 13, what is 1ac105 + 3?
1ac108
In base 6, what is -33 - -22304?
22231
In base 9, what is 14504 - 140?
14354
In base 7, what is 11 + -44453?
-44442
In base 2, what is 100111111100100111 + 101?
100111111100101100
In base 2, what is -1110111010100011 - 0?
-1110111010100011
In base 3, what is -2112000201 - -210?
-2111222221
In base 4, what is 31103 + 10321?
102030
In base 13, what is -6 + 58c52?
58c49
In base 5, what is 33412304 + 10?
33412314
In base 15, what is 21a2 + 149?
22eb
In base 6, what is 43201 - -4?
43205
In base 13, what is -1458 + 4?
-1454
In base 9, what is 106340 - 1?
106338
In base 12, what is -2698 + -635?
-3111
In base 16, what is 5a95 - -a?
5a9f
In base 12, what is 4 - -1887a9?
1887b1
In base 11, what is 6 - -5a23?
5a29
In base 3, what is -1 - 2220102?
-2220110
In base 7, what is 3 - -5021625?
5021631
In base 7, what is -5311 - -106?
-5202
In base 9, what is -381 - -3318?
2827
In base 10, what is 2 - 6537?
-6535
In base 4, what is -2 - 123211321?
-123211323
In base 14, what is -17 - -12393?
1237a
In base 5, what is 22204 - 3042?
14112
In base 16, what is -4 - -9f36b?
9f367
In base 11, what is -22 - 1244?
-1266
In base 10, what is -696 - 107?
-803
In base 4, what is 10 - 12313101?
-12313031
In base 2, what is 1001101001000111 + -11?
1001101001000100
In base 10, what is -11770 - 0?
-11770
In base 6, what is -22110 + 21?
-22045
In base 8, what is -5430413 - 4?
-5430417
In base 13, what is -135a + 0?
-135a
In base 3, what is 1001 + 20220200?
20221201
In base 16, what is -1138b - 6?
-11391
In base 3, what is 1 - 21100210?
-21100202
In base 14,